{"id":431,"date":"2019-05-03T10:21:25","date_gmt":"2019-05-03T10:21:25","guid":{"rendered":"http:\/\/www.annette-weber-allendorf.com\/?page_id=431"},"modified":"2022-09-19T09:26:36","modified_gmt":"2022-09-19T09:26:36","slug":"kompassbrunnen-fuer-kressbronn-2000-2001","status":"publish","type":"page","link":"https:\/\/annette-weber-allendorf.com\/?page_id=431","title":{"rendered":"Kompassbrunnen Kressbronn"},"content":{"rendered":"\t\t<div data-elementor-type=\"wp-post\" data-elementor-id=\"431\" class=\"elementor elementor-431\">\n\t\t\t\t<div class=\"elementor-element elementor-element-9767f79 e-flex e-con-boxed e-con e-parent\" data-id=\"9767f79\" data-element_type=\"container\" data-e-type=\"container\">\n\t\t\t\t\t<div class=\"e-con-inner\">\n\t\t\t\t<div class=\"elementor-element elementor-element-a4e6cef elementor-arrows-position-inside elementor-pagination-position-outside elementor-widget elementor-widget-image-carousel\" data-id=\"a4e6cef\" data-element_type=\"widget\" data-e-type=\"widget\" data-settings=\"{&quot;slides_to_show&quot;:&quot;1&quot;,&quot;navigation&quot;:&quot;both&quot;,&quot;autoplay&quot;:&quot;yes&quot;,&quot;pause_on_hover&quot;:&quot;yes&quot;,&quot;pause_on_interaction&quot;:&quot;yes&quot;,&quot;autoplay_speed&quot;:5000,&quot;infinite&quot;:&quot;yes&quot;,&quot;effect&quot;:&quot;slide&quot;,&quot;speed&quot;:500}\" data-widget_type=\"image-carousel.default\">\n\t\t\t\t\t\t\t<div class=\"elementor-image-carousel-wrapper swiper\" role=\"region\" aria-roledescription=\"carousel\" aria-label=\"Bild Karussell\" dir=\"ltr\">\n\t\t\t<div class=\"elementor-image-carousel swiper-wrapper\" aria-live=\"off\">\n\t\t\t\t\t\t\t\t<div class=\"swiper-slide\" role=\"group\" aria-roledescription=\"slide\" aria-label=\"1 von 7\"><figure class=\"swiper-slide-inner\"><img decoding=\"async\" class=\"swiper-slide-image\" src=\"https:\/\/annette-weber-allendorf.com\/wp-content\/uploads\/elementor\/thumbs\/0010-ps1na7feufnhtev79vs27vc81psgc0grbplyijpm5s.jpg\" alt=\"OLYMPUS DIGITAL CAMERA\" \/><\/figure><\/div><div class=\"swiper-slide\" role=\"group\" aria-roledescription=\"slide\" aria-label=\"2 von 7\"><figure class=\"swiper-slide-inner\"><img decoding=\"async\" class=\"swiper-slide-image\" src=\"https:\/\/annette-weber-allendorf.com\/wp-content\/uploads\/elementor\/thumbs\/0030-ps1n9nosuwwh1lnvh58w9ibjkmhqudae8zwrfqivsg.jpg\" alt=\"OLYMPUS DIGITAL CAMERA\" \/><\/figure><\/div><div class=\"swiper-slide\" role=\"group\" aria-roledescription=\"slide\" aria-label=\"3 von 7\"><figure class=\"swiper-slide-inner\"><img decoding=\"async\" class=\"swiper-slide-image\" src=\"https:\/\/annette-weber-allendorf.com\/wp-content\/uploads\/elementor\/thumbs\/Brunnen-Ansicht-o88emptdvzikj4ju7ng7qijgenj3kn9uxohlwe4j1s.jpg\" alt=\"Aufsicht Brunnen Jahrbuch Kressbronn\" \/><\/figure><\/div><div class=\"swiper-slide\" role=\"group\" aria-roledescription=\"slide\" aria-label=\"4 von 7\"><figure class=\"swiper-slide-inner\"><img decoding=\"async\" class=\"swiper-slide-image\" src=\"https:\/\/annette-weber-allendorf.com\/wp-content\/uploads\/elementor\/thumbs\/0047-ps1i9ph4gqkad31u9d04wx2ph1g18ewc6bqbwpc700.jpg\" alt=\"Kompassbrunnen Einweihung\" \/><\/figure><\/div><div class=\"swiper-slide\" role=\"group\" aria-roledescription=\"slide\" aria-label=\"5 von 7\"><figure class=\"swiper-slide-inner\"><img decoding=\"async\" class=\"swiper-slide-image\" src=\"https:\/\/annette-weber-allendorf.com\/wp-content\/uploads\/elementor\/thumbs\/Kompassbrunnen-Kressbronn-2001--o79nlcxllqrnl3tqr07daj9va2xnkq327geb0rgqy8.jpg\" alt=\"Kompassbrunnen Kressbronn 2001 Collage\" \/><\/figure><\/div><div class=\"swiper-slide\" role=\"group\" aria-roledescription=\"slide\" aria-label=\"6 von 7\"><figure class=\"swiper-slide-inner\"><img decoding=\"async\" class=\"swiper-slide-image\" src=\"https:\/\/annette-weber-allendorf.com\/wp-content\/uploads\/elementor\/thumbs\/0049-ps1nbhhi5bejmb0asxos41pt5lhft6jlu1kr13tbow.jpg\" alt=\"OLYMPUS DIGITAL CAMERA\" \/><\/figure><\/div><div class=\"swiper-slide\" role=\"group\" aria-roledescription=\"slide\" aria-label=\"7 von 7\"><figure class=\"swiper-slide-inner\"><img decoding=\"async\" class=\"swiper-slide-image\" src=\"https:\/\/annette-weber-allendorf.com\/wp-content\/uploads\/elementor\/thumbs\/Bub-am-Brunnenrand-o88elr1cv46yljycuqf0o9befeainufsgwcn55k3g0.jpg\" alt=\"Kinderplanschen Jahrbuch Kressbronn\" \/><\/figure><\/div>\t\t\t<\/div>\n\t\t\t\t\t\t\t\t\t\t\t\t<div class=\"elementor-swiper-button elementor-swiper-button-prev\" role=\"button\" tabindex=\"0\">\n\t\t\t\t\t\t<svg aria-hidden=\"true\" class=\"e-font-icon-svg e-eicon-chevron-left\" viewBox=\"0 0 1000 1000\" xmlns=\"http:\/\/www.w3.org\/2000\/svg\"><path d=\"M646 125C629 125 613 133 604 142L308 442C296 454 292 471 292 487 292 504 296 521 308 533L604 854C617 867 629 875 646 875 663 875 679 871 692 858 704 846 713 829 713 812 713 796 708 779 692 767L438 487 692 225C700 217 708 204 708 187 708 171 704 154 692 142 675 129 663 125 646 125Z\"><\/path><\/svg>\t\t\t\t\t<\/div>\n\t\t\t\t\t<div class=\"elementor-swiper-button elementor-swiper-button-next\" role=\"button\" tabindex=\"0\">\n\t\t\t\t\t\t<svg aria-hidden=\"true\" class=\"e-font-icon-svg e-eicon-chevron-right\" viewBox=\"0 0 1000 1000\" xmlns=\"http:\/\/www.w3.org\/2000\/svg\"><path d=\"M696 533C708 521 713 504 713 487 713 471 708 454 696 446L400 146C388 133 375 125 354 125 338 125 325 129 313 142 300 154 292 171 292 187 292 204 296 221 308 233L563 492 304 771C292 783 288 800 288 817 288 833 296 850 308 863 321 871 338 875 354 875 371 875 388 867 400 854L696 533Z\"><\/path><\/svg>\t\t\t\t\t<\/div>\n\t\t\t\t\n\t\t\t\t\t\t\t\t\t<div class=\"swiper-pagination\"><\/div>\n\t\t\t\t\t\t\t\t\t<\/div>\n\t\t\t\t\t\t<\/div>\n\t\t\t\t\t<\/div>\n\t\t\t\t<\/div>\n\t\t\t\t<section class=\"elementor-section elementor-top-section elementor-element elementor-element-87d8580 elementor-section-boxed elementor-section-height-default elementor-section-height-default\" data-id=\"87d8580\" data-element_type=\"section\" data-e-type=\"section\">\n\t\t\t\t\t\t<div class=\"elementor-container elementor-column-gap-default\">\n\t\t\t\t\t<div class=\"elementor-column elementor-col-100 elementor-top-column elementor-element elementor-element-cc2801f\" data-id=\"cc2801f\" data-element_type=\"column\" data-e-type=\"column\">\n\t\t\t<div class=\"elementor-widget-wrap elementor-element-populated\">\n\t\t\t\t\t\t<div class=\"elementor-element elementor-element-7bc7fa1 elementor-widget elementor-widget-text-editor\" data-id=\"7bc7fa1\" data-element_type=\"widget\" data-e-type=\"widget\" data-widget_type=\"text-editor.default\">\n\t\t\t\t\t\t\t\t\t<p><span style=\"color: #ffffff;\">1.Preis Wettbewerb Gestaltung des Rathausplatzes<\/span><\/p>\t\t\t\t\t\t\t\t<\/div>\n\t\t\t\t\t<\/div>\n\t\t<\/div>\n\t\t\t\t\t<\/div>\n\t\t<\/section>\n\t\t\t\t<section class=\"elementor-section elementor-top-section elementor-element elementor-element-5f880ad0 elementor-section-boxed elementor-section-height-default elementor-section-height-default\" data-id=\"5f880ad0\" data-element_type=\"section\" data-e-type=\"section\">\n\t\t\t\t\t\t<div class=\"elementor-container elementor-column-gap-default\">\n\t\t\t\t\t<div class=\"elementor-column elementor-col-100 elementor-top-column elementor-element elementor-element-79562d5b\" data-id=\"79562d5b\" data-element_type=\"column\" data-e-type=\"column\">\n\t\t\t<div class=\"elementor-widget-wrap elementor-element-populated\">\n\t\t\t\t\t\t<div class=\"elementor-element elementor-element-6f7f8d76 elementor-widget elementor-widget-text-editor\" data-id=\"6f7f8d76\" data-element_type=\"widget\" data-e-type=\"widget\" data-widget_type=\"text-editor.default\">\n\t\t\t\t\t\t\t\t\t<p><\/p>\n<p><\/p>\n<p><\/p>\n<p>Kompass f\u00fcr Kressbronn<br \/>Orientierung f\u00fcr die neue Mitte <br \/>&#8222;damit wir immer wissen, wo&#8217;s langgeht &#8220; (Kressbronner Kompassverk\u00e4ufer) <br \/>2. das konzentrisch fliessende Wasser als Bild f\u00fcr die Mitte <br \/>(Drumlins, Alpen, Wandern und Forschen) <br \/>Topografie auf den Marktplatz. <br \/>Erdmagnetismus, die Orbitalbewegungen eines Steinwurfs im Wasser sind Impulsgeber wie die geistigen Zentren der Gemeinde &#8211; Kirche\/ Bibliothek und Gemeindeverwaltung\/ Kultur: ein <br \/>Energiezentrum (Solarzelle\/ Sonnenuhr) <br \/>&#8211; Bodensee, Argen und Berge &#8222;alle wollen zur\u00fcck zur Natur, keiner jedoch zu Fuss&#8220; Zitat S.77 aus Kressbronner Jahrbuch 1994\/95 <br \/>&#8211; 200 Jahre Schiffsanlegestelle Kressbronn (1794), L\u00e4nde <br \/>&#8211; Scala der Kompassrose 360\u00b0 und 200-j\u00e4hrige Sonnenuhr an der Eligiuskapelle <br \/>&#8211; Boots- und Werftbau, Takelage Mast und Segel bzw. Kompassnadel <br \/>-Traditionelle Merkzeichen Viehmarkt 1864 auf dem heutigen Rathausplatz, Kirschenmarkt, Griesebigger und Starenscheucher (die Narrenfahne wird auf dem Rathausplatz gehisst), <br \/>&#8211; s&#8216; Feuerschweissen, Heidachgeister <br \/>&#8211; Kressbronner &#8222;Kieselgold&#8220; im Pf\u00e4ndertunnel (1810 Baussteine aus der Argen gratis) <br \/>Keramiksegmente in Zusammenarbeit mit Kressbronner Kindern\/ Mosaikwerkst\u00e4tten bis 1971- <br \/>&#8222;Geheimnis des Platzes&#8220;, Hallstattfunde 800 v.Chr. <br \/>Aus den \u00f6rtlichen Hauptwegerichtungen zur Ortsmitte und deren \u00f6ffentlichen Geb\u00e4uden und Pl\u00e4tzen ergibt sich ein orthogonales Wegekreuz, in dessen Zentrum der Kompassbrunnen placiert ist. Er bezieht sich gleichermassen auf alle Platzbereiche.<\/p>\n<p>\u00a01. Preis Gestaltung des Rathaus \u201eKompass f\u00fcr Kressbronn&#8220; (Wettbewerbskonzept)<\/p>\n<p>&#8222;Wenn Du in Eile bist, mache einen Umweg &#8220; (zen)<\/p>\n<p>Der Kompassbrunnen f\u00fcr die neue Kressbronner Ortsmitte integriert zwei Gedanken:<\/p>\n<p>1. ein Kompass als Metapher der Orientierung (Standortbestimmung &#8211; Suche &#8211; des Einzelnen, der Gemeinde, des Staates, unserer Erde)<\/p>\n<p>Zu 1. Bezug zu Schifffahrt (Bodensee, Werft, Bootsbau und Navigieren), aber auch H\u00fcgellandschaft und Berge rundum<\/p>\n<p>Der Kompass transportiert den See und die H\u00fcgel\/Berge ideell in die Ortsmitte und bringt die relativ weit auseinanderliegende<\/p>\n<p>Zu 2. Bezug zur Ortsmitte mit ihren Kraftzentren<\/p>\n<p>Projektbeschreibung:<\/p>\n<p>Die kreisf\u00f6rmige Kompassschiffsform bietet im Zentrum der Ortsmitte Kressbronns einen Treffpunkt f\u00fcr Jung und Alt: Man kann am Wasserrand des Kompasses sitzen und die vielf\u00e4ltigen Assoziationen ersp\u00fcren und erleben<\/p>\n<p><\/p>\t\t\t\t\t\t\t\t<\/div>\n\t\t\t\t\t<\/div>\n\t\t<\/div>\n\t\t\t\t\t<\/div>\n\t\t<\/section>\n\t\t\t\t<\/div>\n\t\t","protected":false},"excerpt":{"rendered":"<p>Zur\u00fcck Weiter 1.Preis Wettbewerb Gestaltung des Rathausplatzes Kompass f\u00fcr KressbronnOrientierung f\u00fcr die neue Mitte &#8222;damit wir immer wissen, wo&#8217;s langgeht &#8220; (Kressbronner Kompassverk\u00e4ufer) 2. das konzentrisch fliessende Wasser als Bild f\u00fcr die Mitte (Drumlins, Alpen, Wandern und Forschen) Topografie auf den Marktplatz. Erdmagnetismus, die Orbitalbewegungen eines Steinwurfs im Wasser sind Impulsgeber wie die geistigen Zentren [&hellip;]<\/p>\n","protected":false},"author":1,"featured_media":0,"parent":22,"menu_order":0,"comment_status":"closed","ping_status":"closed","template":"","meta":{"ocean_post_layout":"","ocean_both_sidebars_style":"","ocean_both_sidebars_content_width":0,"ocean_both_sidebars_sidebars_width":0,"ocean_sidebar":"","ocean_second_sidebar":"","ocean_disable_margins":"enable","ocean_add_body_class":"","ocean_shortcode_before_top_bar":"","ocean_shortcode_after_top_bar":"","ocean_shortcode_before_header":"","ocean_shortcode_after_header":"","ocean_has_shortcode":"","ocean_shortcode_after_title":"","ocean_shortcode_before_footer_widgets":"","ocean_shortcode_after_footer_widgets":"","ocean_shortcode_before_footer_bottom":"","ocean_shortcode_after_footer_bottom":"","ocean_display_top_bar":"default","ocean_display_header":"default","ocean_header_style":"","ocean_center_header_left_menu":"","ocean_custom_header_template":"","ocean_custom_logo":0,"ocean_custom_retina_logo":0,"ocean_custom_logo_max_width":0,"ocean_custom_logo_tablet_max_width":0,"ocean_custom_logo_mobile_max_width":0,"ocean_custom_logo_max_height":0,"ocean_custom_logo_tablet_max_height":0,"ocean_custom_logo_mobile_max_height":0,"ocean_header_custom_menu":"","ocean_menu_typo_font_family":"","ocean_menu_typo_font_subset":"","ocean_menu_typo_font_size":0,"ocean_menu_typo_font_size_tablet":0,"ocean_menu_typo_font_size_mobile":0,"ocean_menu_typo_font_size_unit":"px","ocean_menu_typo_font_weight":"","ocean_menu_typo_font_weight_tablet":"","ocean_menu_typo_font_weight_mobile":"","ocean_menu_typo_transform":"","ocean_menu_typo_transform_tablet":"","ocean_menu_typo_transform_mobile":"","ocean_menu_typo_line_height":0,"ocean_menu_typo_line_height_tablet":0,"ocean_menu_typo_line_height_mobile":0,"ocean_menu_typo_line_height_unit":"","ocean_menu_typo_spacing":0,"ocean_menu_typo_spacing_tablet":0,"ocean_menu_typo_spacing_mobile":0,"ocean_menu_typo_spacing_unit":"","ocean_menu_link_color":"","ocean_menu_link_color_hover":"","ocean_menu_link_color_active":"","ocean_menu_link_background":"","ocean_menu_link_hover_background":"","ocean_menu_link_active_background":"","ocean_menu_social_links_bg":"","ocean_menu_social_hover_links_bg":"","ocean_menu_social_links_color":"","ocean_menu_social_hover_links_color":"","ocean_disable_title":"default","ocean_disable_heading":"default","ocean_post_title":"","ocean_post_subheading":"","ocean_post_title_style":"","ocean_post_title_background_color":"","ocean_post_title_background":0,"ocean_post_title_bg_image_position":"","ocean_post_title_bg_image_attachment":"","ocean_post_title_bg_image_repeat":"","ocean_post_title_bg_image_size":"","ocean_post_title_height":0,"ocean_post_title_bg_overlay":0.5,"ocean_post_title_bg_overlay_color":"","ocean_disable_breadcrumbs":"default","ocean_breadcrumbs_color":"","ocean_breadcrumbs_separator_color":"","ocean_breadcrumbs_links_color":"","ocean_breadcrumbs_links_hover_color":"","ocean_display_footer_widgets":"default","ocean_display_footer_bottom":"default","ocean_custom_footer_template":"","omw_enable_modal_window":"enable","footnotes":""},"class_list":["post-431","page","type-page","status-publish","hentry","entry"],"_links":{"self":[{"href":"https:\/\/annette-weber-allendorf.com\/index.php?rest_route=\/wp\/v2\/pages\/431","targetHints":{"allow":["GET"]}}],"collection":[{"href":"https:\/\/annette-weber-allendorf.com\/index.php?rest_route=\/wp\/v2\/pages"}],"about":[{"href":"https:\/\/annette-weber-allendorf.com\/index.php?rest_route=\/wp\/v2\/types\/page"}],"author":[{"embeddable":true,"href":"https:\/\/annette-weber-allendorf.com\/index.php?rest_route=\/wp\/v2\/users\/1"}],"replies":[{"embeddable":true,"href":"https:\/\/annette-weber-allendorf.com\/index.php?rest_route=%2Fwp%2Fv2%2Fcomments&post=431"}],"version-history":[{"count":26,"href":"https:\/\/annette-weber-allendorf.com\/index.php?rest_route=\/wp\/v2\/pages\/431\/revisions"}],"predecessor-version":[{"id":3760,"href":"https:\/\/annette-weber-allendorf.com\/index.php?rest_route=\/wp\/v2\/pages\/431\/revisions\/3760"}],"up":[{"embeddable":true,"href":"https:\/\/annette-weber-allendorf.com\/index.php?rest_route=\/wp\/v2\/pages\/22"}],"wp:attachment":[{"href":"https:\/\/annette-weber-allendorf.com\/index.php?rest_route=%2Fwp%2Fv2%2Fmedia&parent=431"}],"curies":[{"name":"wp","href":"https:\/\/api.w.org\/{rel}","templated":true}]}}