{"id":465,"date":"2019-05-03T11:45:32","date_gmt":"2019-05-03T11:45:32","guid":{"rendered":"http:\/\/www.annette-weber-allendorf.com\/?page_id=465"},"modified":"2022-09-19T09:25:30","modified_gmt":"2022-09-19T09:25:30","slug":"2002-landesgartenschau-ostfildern-1998","status":"publish","type":"page","link":"https:\/\/annette-weber-allendorf.com\/?page_id=465","title":{"rendered":"Landesgartenschau Ostfildern 2002"},"content":{"rendered":"\t\t<div data-elementor-type=\"wp-page\" data-elementor-id=\"465\" class=\"elementor elementor-465\">\n\t\t\t\t\t\t<section class=\"elementor-section elementor-top-section elementor-element elementor-element-5a1e856 elementor-section-boxed elementor-section-height-default elementor-section-height-default\" data-id=\"5a1e856\" data-element_type=\"section\" data-e-type=\"section\">\n\t\t\t\t\t\t<div class=\"elementor-container elementor-column-gap-default\">\n\t\t\t\t\t<div class=\"elementor-column elementor-col-100 elementor-top-column elementor-element elementor-element-152d513b\" data-id=\"152d513b\" data-element_type=\"column\" data-e-type=\"column\">\n\t\t\t<div class=\"elementor-widget-wrap elementor-element-populated\">\n\t\t\t\t\t\t<div class=\"elementor-element elementor-element-7ce1b1d0 elementor-widget elementor-widget-text-editor\" data-id=\"7ce1b1d0\" data-element_type=\"widget\" data-e-type=\"widget\" data-widget_type=\"text-editor.default\">\n\t\t\t\t\t\t\t\t\t<h4><\/h4>\n<p>In Zusammenarbeit mit Architekten Dierig &amp; Weber, Horgenzell und Bierbaum &amp; Partner, Mainz <br \/>Filderfest im Scharnhauser Park \u2013 Landesgartenschau Ostfildern 2002 Fildern, Felder, Filderfest- wir stellen die Landesgartenschau unter das Thema FELDER. Von April bis Oktober 2002 sind die Felder mit historischen, landschaftlichen, kulturellen, experimentellen,spielerischen, gartenbaulichen, wissenschaftlichen und k\u00fcnstlerischen Themen Anziehungspunkt weit \u00fcber die Region. In Schaufeldern wird die Sortenvielfalt gezeigt (Farbfelder) Gestaltungsfelder erl\u00e4utern beispielhafte Gartensituationen (Felder der Jahreszeiten) Die k\u00fcnftigen Baufelder sind Ordnungselement (Versorgung, B\u00e4ume dauerhaft) Virtuelle Felder schaffen die Verbindung Mikrokosmos \u2013 Makrokosmos Experimentierfelder theematisieren das Spannungsfeld natur \u2013 naturnah \u2013 artifiziell Erinnerungsfelder zeigen Historisches, Tradition Kulturfelder bieten Events\/Performances und Veranstaltungen (Festplatz, Alter Park..) Spielfelder geben Besuchern M\u00f6glichkeit zur aktiven Beteiligung Der FELDERWEG verbindet Felder und Freir\u00e4ume: \u00a0 Der Weg ist mehr als eine Kunstfertigkeit. Man findet Weisheiten darin, die dem Laien, dem Nichtfachmann etwasgeben k\u00f6nnen. ZEN, Kunst des Tee-Weges H\u00dcTLE signalisieren besondere Erlebnisse. Die Form des Zeltes, Symbol f\u00fcr das Nomadentum, das Tempor\u00e4re, aber auch die Form des Filderkrauts f\u00fchrt zur Form der H\u00dcTE: MONITORH\u00dcTE AUSSICHTSH\u00dcTE ZAUBERH\u00dcTE SKULPTURENH\u00dcTE&#8230;<\/p>\n<h4><\/h4>\t\t\t\t\t\t\t\t<\/div>\n\t\t\t\t\t<\/div>\n\t\t<\/div>\n\t\t\t\t\t<\/div>\n\t\t<\/section>\n\t\t<div class=\"elementor-element elementor-element-4cb48ba e-flex e-con-boxed e-con e-parent\" data-id=\"4cb48ba\" data-element_type=\"container\" data-e-type=\"container\">\n\t\t\t\t\t<div class=\"e-con-inner\">\n\t\t\t\t<div class=\"elementor-element elementor-element-eb8d256 elementor-widget elementor-widget-spacer\" data-id=\"eb8d256\" data-element_type=\"widget\" data-e-type=\"widget\" data-widget_type=\"spacer.default\">\n\t\t\t\t\t\t\t<div class=\"elementor-spacer\">\n\t\t\t<div class=\"elementor-spacer-inner\"><\/div>\n\t\t<\/div>\n\t\t\t\t\t\t<\/div>\n\t\t\t\t\t<\/div>\n\t\t\t\t<\/div>\n\t\t\t\t<\/div>\n\t\t","protected":false},"excerpt":{"rendered":"<p>In Zusammenarbeit mit Architekten Dierig &amp; Weber, Horgenzell und Bierbaum &amp; Partner, Mainz Filderfest im Scharnhauser Park \u2013 Landesgartenschau Ostfildern 2002 Fildern, Felder, Filderfest- wir stellen die Landesgartenschau unter das Thema FELDER. Von April bis Oktober 2002 sind die Felder mit historischen, landschaftlichen, kulturellen, experimentellen,spielerischen, gartenbaulichen, wissenschaftlichen und k\u00fcnstlerischen Themen Anziehungspunkt weit \u00fcber die Region. [&hellip;]<\/p>\n","protected":false},"author":1,"featured_media":0,"parent":22,"menu_order":0,"comment_status":"closed","ping_status":"closed","template":"","meta":{"ocean_post_layout":"","ocean_both_sidebars_style":"","ocean_both_sidebars_content_width":0,"ocean_both_sidebars_sidebars_width":0,"ocean_sidebar":"","ocean_second_sidebar":"","ocean_disable_margins":"enable","ocean_add_body_class":"","ocean_shortcode_before_top_bar":"","ocean_shortcode_after_top_bar":"","ocean_shortcode_before_header":"","ocean_shortcode_after_header":"","ocean_has_shortcode":"","ocean_shortcode_after_title":"","ocean_shortcode_before_footer_widgets":"","ocean_shortcode_after_footer_widgets":"","ocean_shortcode_before_footer_bottom":"","ocean_shortcode_after_footer_bottom":"","ocean_display_top_bar":"default","ocean_display_header":"default","ocean_header_style":"","ocean_center_header_left_menu":"","ocean_custom_header_template":"","ocean_custom_logo":0,"ocean_custom_retina_logo":0,"ocean_custom_logo_max_width":0,"ocean_custom_logo_tablet_max_width":0,"ocean_custom_logo_mobile_max_width":0,"ocean_custom_logo_max_height":0,"ocean_custom_logo_tablet_max_height":0,"ocean_custom_logo_mobile_max_height":0,"ocean_header_custom_menu":"","ocean_menu_typo_font_family":"","ocean_menu_typo_font_subset":"","ocean_menu_typo_font_size":0,"ocean_menu_typo_font_size_tablet":0,"ocean_menu_typo_font_size_mobile":0,"ocean_menu_typo_font_size_unit":"px","ocean_menu_typo_font_weight":"","ocean_menu_typo_font_weight_tablet":"","ocean_menu_typo_font_weight_mobile":"","ocean_menu_typo_transform":"","ocean_menu_typo_transform_tablet":"","ocean_menu_typo_transform_mobile":"","ocean_menu_typo_line_height":0,"ocean_menu_typo_line_height_tablet":0,"ocean_menu_typo_line_height_mobile":0,"ocean_menu_typo_line_height_unit":"","ocean_menu_typo_spacing":0,"ocean_menu_typo_spacing_tablet":0,"ocean_menu_typo_spacing_mobile":0,"ocean_menu_typo_spacing_unit":"","ocean_menu_link_color":"","ocean_menu_link_color_hover":"","ocean_menu_link_color_active":"","ocean_menu_link_background":"","ocean_menu_link_hover_background":"","ocean_menu_link_active_background":"","ocean_menu_social_links_bg":"","ocean_menu_social_hover_links_bg":"","ocean_menu_social_links_color":"","ocean_menu_social_hover_links_color":"","ocean_disable_title":"default","ocean_disable_heading":"default","ocean_post_title":"","ocean_post_subheading":"","ocean_post_title_style":"","ocean_post_title_background_color":"","ocean_post_title_background":0,"ocean_post_title_bg_image_position":"","ocean_post_title_bg_image_attachment":"","ocean_post_title_bg_image_repeat":"","ocean_post_title_bg_image_size":"","ocean_post_title_height":0,"ocean_post_title_bg_overlay":0.5,"ocean_post_title_bg_overlay_color":"","ocean_disable_breadcrumbs":"default","ocean_breadcrumbs_color":"","ocean_breadcrumbs_separator_color":"","ocean_breadcrumbs_links_color":"","ocean_breadcrumbs_links_hover_color":"","ocean_display_footer_widgets":"default","ocean_display_footer_bottom":"default","ocean_custom_footer_template":"","omw_enable_modal_window":"enable","footnotes":""},"class_list":["post-465","page","type-page","status-publish","hentry","entry"],"_links":{"self":[{"href":"https:\/\/annette-weber-allendorf.com\/index.php?rest_route=\/wp\/v2\/pages\/465","targetHints":{"allow":["GET"]}}],"collection":[{"href":"https:\/\/annette-weber-allendorf.com\/index.php?rest_route=\/wp\/v2\/pages"}],"about":[{"href":"https:\/\/annette-weber-allendorf.com\/index.php?rest_route=\/wp\/v2\/types\/page"}],"author":[{"embeddable":true,"href":"https:\/\/annette-weber-allendorf.com\/index.php?rest_route=\/wp\/v2\/users\/1"}],"replies":[{"embeddable":true,"href":"https:\/\/annette-weber-allendorf.com\/index.php?rest_route=%2Fwp%2Fv2%2Fcomments&post=465"}],"version-history":[{"count":28,"href":"https:\/\/annette-weber-allendorf.com\/index.php?rest_route=\/wp\/v2\/pages\/465\/revisions"}],"predecessor-version":[{"id":3757,"href":"https:\/\/annette-weber-allendorf.com\/index.php?rest_route=\/wp\/v2\/pages\/465\/revisions\/3757"}],"up":[{"embeddable":true,"href":"https:\/\/annette-weber-allendorf.com\/index.php?rest_route=\/wp\/v2\/pages\/22"}],"wp:attachment":[{"href":"https:\/\/annette-weber-allendorf.com\/index.php?rest_route=%2Fwp%2Fv2%2Fmedia&parent=465"}],"curies":[{"name":"wp","href":"https:\/\/api.w.org\/{rel}","templated":true}]}}

<div data-elementor-type="wp-page" data-elementor-id="465" class="elementor elementor-465">
						<section class="elementor-section elementor-top-section elementor-element elementor-element-5a1e856 elementor-section-boxed elementor-section-height-default elementor-section-height-default" data-id="5a1e856" data-element_type="section" data-e-type="section">
						<div class="elementor-container elementor-column-gap-default">
					<div class="elementor-column elementor-col-100 elementor-top-column elementor-element elementor-element-152d513b" data-id="152d513b" data-element_type="column" data-e-type="column">
			<div class="elementor-widget-wrap elementor-element-populated">
						<div class="elementor-element elementor-element-7ce1b1d0 elementor-widget elementor-widget-text-editor" data-id="7ce1b1d0" data-element_type="widget" data-e-type="widget" data-widget_type="text-editor.default">
									<h4></h4>
<p>In Zusammenarbeit mit Architekten Dierig &amp; Weber, Horgenzell und Bierbaum &amp; Partner, Mainz <br />Filderfest im Scharnhauser Park – Landesgartenschau Ostfildern 2002 Fildern, Felder, Filderfest- wir stellen die Landesgartenschau unter das Thema FELDER. Von April bis Oktober 2002 sind die Felder mit historischen, landschaftlichen, kulturellen, experimentellen,spielerischen, gartenbaulichen, wissenschaftlichen und künstlerischen Themen Anziehungspunkt weit über die Region. In Schaufeldern wird die Sortenvielfalt gezeigt (Farbfelder) Gestaltungsfelder erläutern beispielhafte Gartensituationen (Felder der Jahreszeiten) Die künftigen Baufelder sind Ordnungselement (Versorgung, Bäume dauerhaft) Virtuelle Felder schaffen die Verbindung Mikrokosmos – Makrokosmos Experimentierfelder theematisieren das Spannungsfeld natur – naturnah – artifiziell Erinnerungsfelder zeigen Historisches, Tradition Kulturfelder bieten Events/Performances und Veranstaltungen (Festplatz, Alter Park..) Spielfelder geben Besuchern Möglichkeit zur aktiven Beteiligung Der FELDERWEG verbindet Felder und Freiräume:   Der Weg ist mehr als eine Kunstfertigkeit. Man findet Weisheiten darin, die dem Laien, dem Nichtfachmann etwasgeben können. ZEN, Kunst des Tee-Weges HÜTLE signalisieren besondere Erlebnisse. Die Form des Zeltes, Symbol für das Nomadentum, das Temporäre, aber auch die Form des Filderkrauts führt zur Form der HÜTE: MONITORHÜTE AUSSICHTSHÜTE ZAUBERHÜTE SKULPTURENHÜTE&#8230;</p>
<h4></h4>								</div>
					</div>
		</div>
					</div>
		</section>
		<div class="elementor-element elementor-element-4cb48ba e-flex e-con-boxed e-con e-parent" data-id="4cb48ba" data-element_type="container" data-e-type="container">
					<div class="e-con-inner">
				<div class="elementor-element elementor-element-eb8d256 elementor-widget elementor-widget-spacer" data-id="eb8d256" data-element_type="widget" data-e-type="widget" data-widget_type="spacer.default">
							<div class="elementor-spacer">
			<div class="elementor-spacer-inner"></div>
		</div>
						</div>
					</div>
				</div>
				</div>

<p>In Zusammenarbeit mit Architekten Dierig &amp; Weber, Horgenzell und Bierbaum &amp; Partner, Mainz Filderfest im Scharnhauser Park – Landesgartenschau Ostfildern 2002 Fildern, Felder, Filderfest- wir stellen die Landesgartenschau unter das Thema FELDER. Von April bis Oktober 2002 sind die Felder mit historischen, landschaftlichen, kulturellen, experimentellen,spielerischen, gartenbaulichen, wissenschaftlichen und künstlerischen Themen Anziehungspunkt weit über die Region. [&hellip;]</p>
