{"id":477,"date":"2019-05-03T12:02:23","date_gmt":"2019-05-03T12:02:23","guid":{"rendered":"http:\/\/www.annette-weber-allendorf.com\/?page_id=477"},"modified":"2022-09-19T09:31:08","modified_gmt":"2022-09-19T09:31:08","slug":"justizvollzugsanstalt-wulkow-berlin-1997","status":"publish","type":"page","link":"https:\/\/annette-weber-allendorf.com\/?page_id=477","title":{"rendered":"JVA Wulkow (Berlin), 1997"},"content":{"rendered":"\t\t<div data-elementor-type=\"wp-page\" data-elementor-id=\"477\" class=\"elementor elementor-477\">\n\t\t\t\t<div class=\"elementor-element elementor-element-5d60ca0 e-flex e-con-boxed e-con e-parent\" data-id=\"5d60ca0\" data-element_type=\"container\" data-e-type=\"container\">\n\t\t\t\t\t<div class=\"e-con-inner\">\n\t\t\t\t<div class=\"elementor-element elementor-element-00d240f elementor-widget elementor-widget-image\" data-id=\"00d240f\" data-element_type=\"widget\" data-e-type=\"widget\" data-widget_type=\"image.default\">\n\t\t\t\t\t\t\t\t\t\t\t\t\t\t\t<img decoding=\"async\" src=\"https:\/\/annette-weber-allendorf.com\/wp-content\/uploads\/2022\/07\/modell2.jpg\" title=\"\" alt=\"\" loading=\"lazy\" \/>\t\t\t\t\t\t\t\t\t\t\t\t\t\t\t<\/div>\n\t\t\t\t\t<\/div>\n\t\t\t\t<\/div>\n\t\t<div class=\"elementor-element elementor-element-327bc02 e-flex e-con-boxed e-con e-parent\" data-id=\"327bc02\" data-element_type=\"container\" data-e-type=\"container\">\n\t\t\t\t\t<div class=\"e-con-inner\">\n\t\t\t\t<div class=\"elementor-element elementor-element-f7e3571 elementor-widget elementor-widget-spacer\" data-id=\"f7e3571\" data-element_type=\"widget\" data-e-type=\"widget\" data-widget_type=\"spacer.default\">\n\t\t\t\t\t\t\t<div class=\"elementor-spacer\">\n\t\t\t<div class=\"elementor-spacer-inner\"><\/div>\n\t\t<\/div>\n\t\t\t\t\t\t<\/div>\n\t\t\t\t<div class=\"elementor-element elementor-element-f7c3bfb elementor-widget elementor-widget-text-editor\" data-id=\"f7c3bfb\" data-element_type=\"widget\" data-e-type=\"widget\" data-widget_type=\"text-editor.default\">\n\t\t\t\t\t\t\t\t\t<p><strong>JVA im Sannungsfeld innen &#8211; aussen<\/strong><\/p><p>In Zusammenarbeit mit Architekten Dierig &amp; Weber, Horgenzell\u00a0<br \/>Neubau Justizvollzugsanstalt Wulkow Brandenburg<br \/>Realisierungswettbewerb 11\/96\u00a0<\/p><p>Mein Wille ist meine Einstellung zur Welt. Er ist der Tr\u00e4ger von Gut und B\u00f6se.<br \/>Das gute und das b\u00f6se Wollen hat nur eine Wirkung auf die Grenzen der Welt, gut und b\u00f6se, gl\u00fccklich und ungl\u00fccklich h\u00e4ngen zusammen, weil es in der Welt keinen Wert, sondern nur Tatsachen gibt.\u00a0<br \/>Eine Zonierung durch das Geb\u00e4ude der Justizvollzugsanstalt. <br \/>\u00c4ussere Strukturen (Dorf mit alter Dorfstruktur, Kirche und Anger, eiszeitliche Rhin-t\u00e4ler mit D\u00fcnen und Sanden, gro\u00dffl\u00e4chige Ackerschollen, Wassergr\u00e4ben) werden in die innere Struktur der JVA aufgenommen und in den verschiedenen Aspekten (landschaftlich, kulturell, soziologisch, psychologisch) im Dialog mit strenger architektonischer Geometrie integriert und interpretiert um Resozialisierung zu erm\u00f6glichen. <br \/>Das Bild des Flusses durch den Komplex der Anstalt:<br \/>&#8211; Schleuse am Eingang<br \/>&#8211; aufbrechende Eisschollen<br \/>&#8211; Flu\u00dfk\u00f6rper (Besucherzentrum, Kapelle, Schach, Pf\u00e4hle\/Kletterstangen<br \/>Frei(zeit)r\u00e4ume, Anger mit Wasserfl\u00e4chen, Spiel- und Sportangebote)\u00a0<\/p><p>\u00a0<\/p><p><strong>landschaftlicher Aspekt\u00a0<\/strong><\/p><p>Das Gel\u00e4nde f\u00fcr die geplante Justizvollzugsanstalt in Wulkow bei Berlin (Brandenburg) ist gepr\u00e4gt von eiszeitlichen Rhint\u00e4lern mit D\u00fcnen und Sanden.<br \/>Gro\u00dffl\u00e4chige Ackerschollen, Wassergr\u00e4ben bilden Zonierungen:<br \/>Die Ruppiner Schweiz. Neben einer guten Einbindung der JVA in die Landschaft soll die Anbindung an&#8217;s Dorf erfolgen.\u00a0<\/p><h2>\u00a0<\/h2><p><strong>k\u00fcnstlerischer Aspekt\u00a0<\/strong><\/p><p>eisschollen das eis bricht Schmelze<br \/>Das &#8222;Eismeer&#8220; Caspar David Friedrich\u2018s erlebte 1974 eine Renaissance. W\u00e4hrend in den siebziger Jahren die Motive einer sich erneuernden Natur noch popul\u00e4r waren, wurde das von Hoffnungslosikeit gepr\u00e4gte Gem\u00e4lde von der Linken politisch rezipiert und als Kommentar zur restaurativen Wende in der Bundesrepublik verstanden.<br \/>Das &#8222;Eismeer&#8220; wird als Sinnbild der Restauration, in der sich das damalige Deutschland befand, gedeutet. In einem \u00e4hnlichen politischen Kontext entstanden Beuys&#8216; Jahrhundert- Installationen, die sich als Verm\u00e4chtnis einer &#8222;gescheiterten Hoffnung&#8220; interpretieren lassen. (Anne Hoormann)\u00a0<\/p><h2>\u00a0<\/h2><p><strong>soziologischer Aspekt\u00a0<\/strong><\/p><p>unten in der viereckigen zelle<br \/>zwo mal vier meter<br \/>lichteinfall.<br \/>ein meter im quadrat. p.p.zahl\u00a0<\/p><p>Ziel des Vollzugs ist es, den Gefangenen zu bef\u00e4higen, k\u00fcnftig in sozialer Verantwortung ein Leben ohne Straftaten zu f\u00fchren.<br \/>Die von 180 auf 260 Haftpl\u00e4tze erweiterbare JVA soll soviel Sicherheit nach au\u00dfen wie n\u00f6tig, soviel Freiz\u00fcgigkeit nach innen wie m\u00f6glich bieten.\u00a0<\/p><h2>\u00a0<\/h2><p><strong>kultureller Aspekt\u00a0<\/strong><\/p><p>Tr\u00e4umen nach Vorw\u00e4rts<br \/>Jeder Mensch, angetrieben vom physischen und geistigen Grundtrieb &#8222;Hunger&#8220; strebt nach Gl\u00fcck. Im Tagtraum, der Keimzelle utopischen Denkens spekuliert der Mensch dauernd auf die M\u00f6glichkeit einer \u00c4nderung zum Besseren, eines anderen Zustands seines Lebens. Bloch\u00a0<\/p><p>\u00a0<\/p><p><strong>psychologischer Aspekt\u00a0<\/strong><\/p><p>9o % aller Straft\u00e4tigen sind als Kinder k\u00f6rperlich gez\u00fcchtigt worden (Karl Menninger).<br \/>Die kriminelle Handlung ist neben Konformismus, Aktivismus oder Geisteskrankheit ein Ausweg zur \u00dcberwindung der Hilflosigkeit: das verzweifelte Bed\u00fcrfnis zu handeln und die Situation zu ver\u00e4ndern. Das eigene Leben wird nur dadurch gesichert, dass au\u00dferhalb seiner Selbst etwas zerst\u00f6rt wird.<br \/>Spiel als Ersatz f\u00fcr Gewalt. Theorie, die den Wert des Spiels darin sieht, da\u00df man in ihm Aggressionen abreagieren und so ein gesundes seelisches Gleichgewicht aufrechterhalten k\u00f6nne. Besondere Bedeutung des Schachspiels. Kletterstangen!<\/p>\t\t\t\t\t\t\t\t<\/div>\n\t\t\t\t\t<\/div>\n\t\t\t\t<\/div>\n\t\t\t\t<\/div>\n\t\t","protected":false},"excerpt":{"rendered":"<p>JVA im Sannungsfeld innen &#8211; aussen In Zusammenarbeit mit Architekten Dierig &amp; Weber, Horgenzell\u00a0Neubau Justizvollzugsanstalt Wulkow BrandenburgRealisierungswettbewerb 11\/96\u00a0 Mein Wille ist meine Einstellung zur Welt. Er ist der Tr\u00e4ger von Gut und B\u00f6se.Das gute und das b\u00f6se Wollen hat nur eine Wirkung auf die Grenzen der Welt, gut und b\u00f6se, gl\u00fccklich und ungl\u00fccklich h\u00e4ngen zusammen, [&hellip;]<\/p>\n","protected":false},"author":1,"featured_media":0,"parent":22,"menu_order":0,"comment_status":"closed","ping_status":"closed","template":"","meta":{"ocean_post_layout":"","ocean_both_sidebars_style":"","ocean_both_sidebars_content_width":0,"ocean_both_sidebars_sidebars_width":0,"ocean_sidebar":"","ocean_second_sidebar":"","ocean_disable_margins":"enable","ocean_add_body_class":"","ocean_shortcode_before_top_bar":"","ocean_shortcode_after_top_bar":"","ocean_shortcode_before_header":"","ocean_shortcode_after_header":"","ocean_has_shortcode":"","ocean_shortcode_after_title":"","ocean_shortcode_before_footer_widgets":"","ocean_shortcode_after_footer_widgets":"","ocean_shortcode_before_footer_bottom":"","ocean_shortcode_after_footer_bottom":"","ocean_display_top_bar":"default","ocean_display_header":"default","ocean_header_style":"","ocean_center_header_left_menu":"","ocean_custom_header_template":"","ocean_custom_logo":0,"ocean_custom_retina_logo":0,"ocean_custom_logo_max_width":0,"ocean_custom_logo_tablet_max_width":0,"ocean_custom_logo_mobile_max_width":0,"ocean_custom_logo_max_height":0,"ocean_custom_logo_tablet_max_height":0,"ocean_custom_logo_mobile_max_height":0,"ocean_header_custom_menu":"","ocean_menu_typo_font_family":"","ocean_menu_typo_font_subset":"","ocean_menu_typo_font_size":0,"ocean_menu_typo_font_size_tablet":0,"ocean_menu_typo_font_size_mobile":0,"ocean_menu_typo_font_size_unit":"px","ocean_menu_typo_font_weight":"","ocean_menu_typo_font_weight_tablet":"","ocean_menu_typo_font_weight_mobile":"","ocean_menu_typo_transform":"","ocean_menu_typo_transform_tablet":"","ocean_menu_typo_transform_mobile":"","ocean_menu_typo_line_height":0,"ocean_menu_typo_line_height_tablet":0,"ocean_menu_typo_line_height_mobile":0,"ocean_menu_typo_line_height_unit":"","ocean_menu_typo_spacing":0,"ocean_menu_typo_spacing_tablet":0,"ocean_menu_typo_spacing_mobile":0,"ocean_menu_typo_spacing_unit":"","ocean_menu_link_color":"","ocean_menu_link_color_hover":"","ocean_menu_link_color_active":"","ocean_menu_link_background":"","ocean_menu_link_hover_background":"","ocean_menu_link_active_background":"","ocean_menu_social_links_bg":"","ocean_menu_social_hover_links_bg":"","ocean_menu_social_links_color":"","ocean_menu_social_hover_links_color":"","ocean_disable_title":"default","ocean_disable_heading":"default","ocean_post_title":"","ocean_post_subheading":"","ocean_post_title_style":"","ocean_post_title_background_color":"","ocean_post_title_background":0,"ocean_post_title_bg_image_position":"","ocean_post_title_bg_image_attachment":"","ocean_post_title_bg_image_repeat":"","ocean_post_title_bg_image_size":"","ocean_post_title_height":0,"ocean_post_title_bg_overlay":0.5,"ocean_post_title_bg_overlay_color":"","ocean_disable_breadcrumbs":"default","ocean_breadcrumbs_color":"","ocean_breadcrumbs_separator_color":"","ocean_breadcrumbs_links_color":"","ocean_breadcrumbs_links_hover_color":"","ocean_display_footer_widgets":"default","ocean_display_footer_bottom":"default","ocean_custom_footer_template":"","omw_enable_modal_window":"enable","footnotes":""},"class_list":["post-477","page","type-page","status-publish","hentry","entry"],"_links":{"self":[{"href":"https:\/\/annette-weber-allendorf.com\/index.php?rest_route=\/wp\/v2\/pages\/477","targetHints":{"allow":["GET"]}}],"collection":[{"href":"https:\/\/annette-weber-allendorf.com\/index.php?rest_route=\/wp\/v2\/pages"}],"about":[{"href":"https:\/\/annette-weber-allendorf.com\/index.php?rest_route=\/wp\/v2\/types\/page"}],"author":[{"embeddable":true,"href":"https:\/\/annette-weber-allendorf.com\/index.php?rest_route=\/wp\/v2\/users\/1"}],"replies":[{"embeddable":true,"href":"https:\/\/annette-weber-allendorf.com\/index.php?rest_route=%2Fwp%2Fv2%2Fcomments&post=477"}],"version-history":[{"count":20,"href":"https:\/\/annette-weber-allendorf.com\/index.php?rest_route=\/wp\/v2\/pages\/477\/revisions"}],"predecessor-version":[{"id":3772,"href":"https:\/\/annette-weber-allendorf.com\/index.php?rest_route=\/wp\/v2\/pages\/477\/revisions\/3772"}],"up":[{"embeddable":true,"href":"https:\/\/annette-weber-allendorf.com\/index.php?rest_route=\/wp\/v2\/pages\/22"}],"wp:attachment":[{"href":"https:\/\/annette-weber-allendorf.com\/index.php?rest_route=%2Fwp%2Fv2%2Fmedia&parent=477"}],"curies":[{"name":"wp","href":"https:\/\/api.w.org\/{rel}","templated":true}]}}

<div data-elementor-type="wp-page" data-elementor-id="477" class="elementor elementor-477">
				<div class="elementor-element elementor-element-5d60ca0 e-flex e-con-boxed e-con e-parent" data-id="5d60ca0" data-element_type="container" data-e-type="container">
					<div class="e-con-inner">
				<div class="elementor-element elementor-element-00d240f elementor-widget elementor-widget-image" data-id="00d240f" data-element_type="widget" data-e-type="widget" data-widget_type="image.default">
															<img decoding="async" src="https://annette-weber-allendorf.com/wp-content/uploads/2022/07/modell2.jpg" title="" alt="" loading="lazy" />															</div>
					</div>
				</div>
		<div class="elementor-element elementor-element-327bc02 e-flex e-con-boxed e-con e-parent" data-id="327bc02" data-element_type="container" data-e-type="container">
					<div class="e-con-inner">
				<div class="elementor-element elementor-element-f7e3571 elementor-widget elementor-widget-spacer" data-id="f7e3571" data-element_type="widget" data-e-type="widget" data-widget_type="spacer.default">
							<div class="elementor-spacer">
			<div class="elementor-spacer-inner"></div>
		</div>
						</div>
				<div class="elementor-element elementor-element-f7c3bfb elementor-widget elementor-widget-text-editor" data-id="f7c3bfb" data-element_type="widget" data-e-type="widget" data-widget_type="text-editor.default">
									<p><strong>JVA im Sannungsfeld innen &#8211; aussen</strong></p><p>In Zusammenarbeit mit Architekten Dierig &amp; Weber, Horgenzell <br />Neubau Justizvollzugsanstalt Wulkow Brandenburg<br />Realisierungswettbewerb 11/96 </p><p>Mein Wille ist meine Einstellung zur Welt. Er ist der Träger von Gut und Böse.<br />Das gute und das böse Wollen hat nur eine Wirkung auf die Grenzen der Welt, gut und böse, glücklich und unglücklich hängen zusammen, weil es in der Welt keinen Wert, sondern nur Tatsachen gibt. <br />Eine Zonierung durch das Gebäude der Justizvollzugsanstalt. <br />Äussere Strukturen (Dorf mit alter Dorfstruktur, Kirche und Anger, eiszeitliche Rhin-täler mit Dünen und Sanden, großflächige Ackerschollen, Wassergräben) werden in die innere Struktur der JVA aufgenommen und in den verschiedenen Aspekten (landschaftlich, kulturell, soziologisch, psychologisch) im Dialog mit strenger architektonischer Geometrie integriert und interpretiert um Resozialisierung zu ermöglichen. <br />Das Bild des Flusses durch den Komplex der Anstalt:<br />&#8211; Schleuse am Eingang<br />&#8211; aufbrechende Eisschollen<br />&#8211; Flußkörper (Besucherzentrum, Kapelle, Schach, Pfähle/Kletterstangen<br />Frei(zeit)räume, Anger mit Wasserflächen, Spiel- und Sportangebote) </p><p> </p><p><strong>landschaftlicher Aspekt </strong></p><p>Das Gelände für die geplante Justizvollzugsanstalt in Wulkow bei Berlin (Brandenburg) ist geprägt von eiszeitlichen Rhintälern mit Dünen und Sanden.<br />Großflächige Ackerschollen, Wassergräben bilden Zonierungen:<br />Die Ruppiner Schweiz. Neben einer guten Einbindung der JVA in die Landschaft soll die Anbindung an&#8217;s Dorf erfolgen. </p><h2> </h2><p><strong>künstlerischer Aspekt </strong></p><p>eisschollen das eis bricht Schmelze<br />Das &#8222;Eismeer&#8220; Caspar David Friedrich‘s erlebte 1974 eine Renaissance. Während in den siebziger Jahren die Motive einer sich erneuernden Natur noch populär waren, wurde das von Hoffnungslosikeit geprägte Gemälde von der Linken politisch rezipiert und als Kommentar zur restaurativen Wende in der Bundesrepublik verstanden.<br />Das &#8222;Eismeer&#8220; wird als Sinnbild der Restauration, in der sich das damalige Deutschland befand, gedeutet. In einem ähnlichen politischen Kontext entstanden Beuys&#8216; Jahrhundert- Installationen, die sich als Vermächtnis einer &#8222;gescheiterten Hoffnung&#8220; interpretieren lassen. (Anne Hoormann) </p><h2> </h2><p><strong>soziologischer Aspekt </strong></p><p>unten in der viereckigen zelle<br />zwo mal vier meter<br />lichteinfall.<br />ein meter im quadrat. p.p.zahl </p><p>Ziel des Vollzugs ist es, den Gefangenen zu befähigen, künftig in sozialer Verantwortung ein Leben ohne Straftaten zu führen.<br />Die von 180 auf 260 Haftplätze erweiterbare JVA soll soviel Sicherheit nach außen wie nötig, soviel Freizügigkeit nach innen wie möglich bieten. </p><h2> </h2><p><strong>kultureller Aspekt </strong></p><p>Träumen nach Vorwärts<br />Jeder Mensch, angetrieben vom physischen und geistigen Grundtrieb &#8222;Hunger&#8220; strebt nach Glück. Im Tagtraum, der Keimzelle utopischen Denkens spekuliert der Mensch dauernd auf die Möglichkeit einer Änderung zum Besseren, eines anderen Zustands seines Lebens. Bloch </p><p> </p><p><strong>psychologischer Aspekt </strong></p><p>9o % aller Straftätigen sind als Kinder körperlich gezüchtigt worden (Karl Menninger).<br />Die kriminelle Handlung ist neben Konformismus, Aktivismus oder Geisteskrankheit ein Ausweg zur Überwindung der Hilflosigkeit: das verzweifelte Bedürfnis zu handeln und die Situation zu verändern. Das eigene Leben wird nur dadurch gesichert, dass außerhalb seiner Selbst etwas zerstört wird.<br />Spiel als Ersatz für Gewalt. Theorie, die den Wert des Spiels darin sieht, daß man in ihm Aggressionen abreagieren und so ein gesundes seelisches Gleichgewicht aufrechterhalten könne. Besondere Bedeutung des Schachspiels. Kletterstangen!</p>								</div>
					</div>
				</div>
				</div>

<p>JVA im Sannungsfeld innen &#8211; aussen In Zusammenarbeit mit Architekten Dierig &amp; Weber, Horgenzell Neubau Justizvollzugsanstalt Wulkow BrandenburgRealisierungswettbewerb 11/96  Mein Wille ist meine Einstellung zur Welt. Er ist der Träger von Gut und Böse.Das gute und das böse Wollen hat nur eine Wirkung auf die Grenzen der Welt, gut und böse, glücklich und unglücklich hängen zusammen, [&hellip;]</p>
