{"id":484,"date":"2019-05-03T12:05:35","date_gmt":"2019-05-03T12:05:35","guid":{"rendered":"http:\/\/www.annette-weber-allendorf.com\/?page_id=484"},"modified":"2022-09-19T09:36:55","modified_gmt":"2022-09-19T09:36:55","slug":"landesvertretung-rheinl-pfalz-in-berlin-bonn-1997","status":"publish","type":"page","link":"https:\/\/annette-weber-allendorf.com\/?page_id=484","title":{"rendered":"Landesvertr.Rheinl.-Pfalz-Berlin"},"content":{"rendered":"\t\t<div data-elementor-type=\"wp-page\" data-elementor-id=\"484\" class=\"elementor elementor-484\">\n\t\t\t\t\t\t<section class=\"elementor-section elementor-top-section elementor-element elementor-element-4733033e elementor-section-boxed elementor-section-height-default elementor-section-height-default\" data-id=\"4733033e\" data-element_type=\"section\" data-e-type=\"section\">\n\t\t\t\t\t\t<div class=\"elementor-container elementor-column-gap-default\">\n\t\t\t\t\t<div class=\"elementor-column elementor-col-100 elementor-top-column elementor-element elementor-element-5a9ae5f4\" data-id=\"5a9ae5f4\" data-element_type=\"column\" data-e-type=\"column\">\n\t\t\t<div class=\"elementor-widget-wrap elementor-element-populated\">\n\t\t\t\t\t\t<div class=\"elementor-element elementor-element-5a370cf3 elementor-widget elementor-widget-text-editor\" data-id=\"5a370cf3\" data-element_type=\"widget\" data-e-type=\"widget\" data-widget_type=\"text-editor.default\">\n\t\t\t\t\t\t\t\t\t<p><\/p>\n<ul class=\"wp-block-gallery columns-2 is-cropped wp-block-gallery-2 is-layout-flex wp-block-gallery-is-layout-flex\">\n<li class=\"blocks-gallery-item\">\n<figure><img fetchpriority=\"high\" decoding=\"async\" width=\"354\" height=\"210\" class=\"wp-image-485\" src=\"http:\/\/www.annette-weber-allendorf.com\/wp-content\/uploads\/2019\/05\/box-Landesvertretung-Rheinlandpfalz-Berlin.jpg\" alt=\"\" data-id=\"485\" data-link=\"http:\/\/www.annette-weber-allendorf.com\/?attachment_id=485\" srcset=\"https:\/\/annette-weber-allendorf.com\/wp-content\/uploads\/2019\/05\/box-Landesvertretung-Rheinlandpfalz-Berlin.jpg 354w, https:\/\/annette-weber-allendorf.com\/wp-content\/uploads\/2019\/05\/box-Landesvertretung-Rheinlandpfalz-Berlin-300x178.jpg 300w\" sizes=\"(max-width: 354px) 100vw, 354px\" \/><\/figure>\n<\/li>\n<li class=\"blocks-gallery-item\">\n<figure><img decoding=\"async\" width=\"550\" height=\"259\" class=\"wp-image-486\" src=\"http:\/\/www.annette-weber-allendorf.com\/wp-content\/uploads\/2019\/05\/card-Landesvertretung-Rheinland-Pfalz-Berlin.jpg\" alt=\"\" data-id=\"486\" data-link=\"http:\/\/www.annette-weber-allendorf.com\/?attachment_id=486\" srcset=\"https:\/\/annette-weber-allendorf.com\/wp-content\/uploads\/2019\/05\/card-Landesvertretung-Rheinland-Pfalz-Berlin.jpg 550w, https:\/\/annette-weber-allendorf.com\/wp-content\/uploads\/2019\/05\/card-Landesvertretung-Rheinland-Pfalz-Berlin-300x141.jpg 300w\" sizes=\"(max-width: 550px) 100vw, 550px\" \/><\/figure>\n<\/li>\n<\/ul>\n<p><\/p>\n<p><\/p>\n<p><\/p>\t\t\t\t\t\t\t\t<\/div>\n\t\t\t\t\t<\/div>\n\t\t<\/div>\n\t\t\t\t\t<\/div>\n\t\t<\/section>\n\t\t<div class=\"elementor-element elementor-element-1cef5d0 e-flex e-con-boxed e-con e-parent\" data-id=\"1cef5d0\" data-element_type=\"container\" data-e-type=\"container\">\n\t\t\t\t\t<div class=\"e-con-inner\">\n\t\t\t\t<div class=\"elementor-element elementor-element-b963238 elementor-widget elementor-widget-text-editor\" data-id=\"b963238\" data-element_type=\"widget\" data-e-type=\"widget\" data-widget_type=\"text-editor.default\">\n\t\t\t\t\t\t\t\t\t<p>In Zusammenarbeit mit Architekten Dierig &amp; Weber, Horgenzell und Bierbaum &amp; Partner, Mainz<\/p>\n<p><span style=\"font-size: 18px; font-weight: 600;\">Basis und Vision<\/span><\/p>\n<p>eine Sandsteinbasis &#8211; Merkmal rheinland-pf\u00e4lzischer Tradition und Best\u00e4ndigkeit &#8211;<br \/>tr\u00e4gt das Geb\u00e4ude der Landesvertretung.<br \/>Ausblick &#8211; W e i t s i c h t &#8211; in alle Richtungen:<br \/>in die j\u00fcngste Vergangenheit und das neu wachsende Berlin.<br \/>Wir \u00fcbernehmen Verantwortung f\u00fcr die politische Kultur unserer Gesellschaft in planerischen Prozessen.<\/p>\t\t\t\t\t\t\t\t<\/div>\n\t\t\t\t<div class=\"elementor-element elementor-element-1df8d7f elementor-widget elementor-widget-spacer\" data-id=\"1df8d7f\" data-element_type=\"widget\" data-e-type=\"widget\" data-widget_type=\"spacer.default\">\n\t\t\t\t\t\t\t<div class=\"elementor-spacer\">\n\t\t\t<div class=\"elementor-spacer-inner\"><\/div>\n\t\t<\/div>\n\t\t\t\t\t\t<\/div>\n\t\t\t\t\t<\/div>\n\t\t\t\t<\/div>\n\t\t\t\t<\/div>\n\t\t","protected":false},"excerpt":{"rendered":"<p>In Zusammenarbeit mit Architekten Dierig &amp; Weber, Horgenzell und Bierbaum &amp; Partner, Mainz Basis und Vision eine Sandsteinbasis &#8211; Merkmal rheinland-pf\u00e4lzischer Tradition und Best\u00e4ndigkeit &#8211;tr\u00e4gt das Geb\u00e4ude der Landesvertretung.Ausblick &#8211; W e i t s i c h t &#8211; in alle Richtungen:in die j\u00fcngste Vergangenheit und das neu wachsende Berlin.Wir \u00fcbernehmen Verantwortung f\u00fcr die [&hellip;]<\/p>\n","protected":false},"author":1,"featured_media":0,"parent":22,"menu_order":0,"comment_status":"closed","ping_status":"closed","template":"","meta":{"ocean_post_layout":"","ocean_both_sidebars_style":"","ocean_both_sidebars_content_width":0,"ocean_both_sidebars_sidebars_width":0,"ocean_sidebar":"","ocean_second_sidebar":"","ocean_disable_margins":"enable","ocean_add_body_class":"","ocean_shortcode_before_top_bar":"","ocean_shortcode_after_top_bar":"","ocean_shortcode_before_header":"","ocean_shortcode_after_header":"","ocean_has_shortcode":"","ocean_shortcode_after_title":"","ocean_shortcode_before_footer_widgets":"","ocean_shortcode_after_footer_widgets":"","ocean_shortcode_before_footer_bottom":"","ocean_shortcode_after_footer_bottom":"","ocean_display_top_bar":"default","ocean_display_header":"default","ocean_header_style":"","ocean_center_header_left_menu":"","ocean_custom_header_template":"","ocean_custom_logo":0,"ocean_custom_retina_logo":0,"ocean_custom_logo_max_width":0,"ocean_custom_logo_tablet_max_width":0,"ocean_custom_logo_mobile_max_width":0,"ocean_custom_logo_max_height":0,"ocean_custom_logo_tablet_max_height":0,"ocean_custom_logo_mobile_max_height":0,"ocean_header_custom_menu":"","ocean_menu_typo_font_family":"","ocean_menu_typo_font_subset":"","ocean_menu_typo_font_size":0,"ocean_menu_typo_font_size_tablet":0,"ocean_menu_typo_font_size_mobile":0,"ocean_menu_typo_font_size_unit":"px","ocean_menu_typo_font_weight":"","ocean_menu_typo_font_weight_tablet":"","ocean_menu_typo_font_weight_mobile":"","ocean_menu_typo_transform":"","ocean_menu_typo_transform_tablet":"","ocean_menu_typo_transform_mobile":"","ocean_menu_typo_line_height":0,"ocean_menu_typo_line_height_tablet":0,"ocean_menu_typo_line_height_mobile":0,"ocean_menu_typo_line_height_unit":"","ocean_menu_typo_spacing":0,"ocean_menu_typo_spacing_tablet":0,"ocean_menu_typo_spacing_mobile":0,"ocean_menu_typo_spacing_unit":"","ocean_menu_link_color":"","ocean_menu_link_color_hover":"","ocean_menu_link_color_active":"","ocean_menu_link_background":"","ocean_menu_link_hover_background":"","ocean_menu_link_active_background":"","ocean_menu_social_links_bg":"","ocean_menu_social_hover_links_bg":"","ocean_menu_social_links_color":"","ocean_menu_social_hover_links_color":"","ocean_disable_title":"default","ocean_disable_heading":"default","ocean_post_title":"","ocean_post_subheading":"","ocean_post_title_style":"","ocean_post_title_background_color":"","ocean_post_title_background":0,"ocean_post_title_bg_image_position":"","ocean_post_title_bg_image_attachment":"","ocean_post_title_bg_image_repeat":"","ocean_post_title_bg_image_size":"","ocean_post_title_height":0,"ocean_post_title_bg_overlay":0.5,"ocean_post_title_bg_overlay_color":"","ocean_disable_breadcrumbs":"default","ocean_breadcrumbs_color":"","ocean_breadcrumbs_separator_color":"","ocean_breadcrumbs_links_color":"","ocean_breadcrumbs_links_hover_color":"","ocean_display_footer_widgets":"default","ocean_display_footer_bottom":"default","ocean_custom_footer_template":"","omw_enable_modal_window":"enable","footnotes":""},"class_list":["post-484","page","type-page","status-publish","hentry","entry"],"_links":{"self":[{"href":"https:\/\/annette-weber-allendorf.com\/index.php?rest_route=\/wp\/v2\/pages\/484","targetHints":{"allow":["GET"]}}],"collection":[{"href":"https:\/\/annette-weber-allendorf.com\/index.php?rest_route=\/wp\/v2\/pages"}],"about":[{"href":"https:\/\/annette-weber-allendorf.com\/index.php?rest_route=\/wp\/v2\/types\/page"}],"author":[{"embeddable":true,"href":"https:\/\/annette-weber-allendorf.com\/index.php?rest_route=\/wp\/v2\/users\/1"}],"replies":[{"embeddable":true,"href":"https:\/\/annette-weber-allendorf.com\/index.php?rest_route=%2Fwp%2Fv2%2Fcomments&post=484"}],"version-history":[{"count":35,"href":"https:\/\/annette-weber-allendorf.com\/index.php?rest_route=\/wp\/v2\/pages\/484\/revisions"}],"predecessor-version":[{"id":3794,"href":"https:\/\/annette-weber-allendorf.com\/index.php?rest_route=\/wp\/v2\/pages\/484\/revisions\/3794"}],"up":[{"embeddable":true,"href":"https:\/\/annette-weber-allendorf.com\/index.php?rest_route=\/wp\/v2\/pages\/22"}],"wp:attachment":[{"href":"https:\/\/annette-weber-allendorf.com\/index.php?rest_route=%2Fwp%2Fv2%2Fmedia&parent=484"}],"curies":[{"name":"wp","href":"https:\/\/api.w.org\/{rel}","templated":true}]}}

<div data-elementor-type="wp-page" data-elementor-id="484" class="elementor elementor-484">
						<section class="elementor-section elementor-top-section elementor-element elementor-element-4733033e elementor-section-boxed elementor-section-height-default elementor-section-height-default" data-id="4733033e" data-element_type="section" data-e-type="section">
						<div class="elementor-container elementor-column-gap-default">
					<div class="elementor-column elementor-col-100 elementor-top-column elementor-element elementor-element-5a9ae5f4" data-id="5a9ae5f4" data-element_type="column" data-e-type="column">
			<div class="elementor-widget-wrap elementor-element-populated">
						<div class="elementor-element elementor-element-5a370cf3 elementor-widget elementor-widget-text-editor" data-id="5a370cf3" data-element_type="widget" data-e-type="widget" data-widget_type="text-editor.default">
									<p></p>
<ul class="wp-block-gallery columns-2 is-cropped wp-block-gallery-2 is-layout-flex wp-block-gallery-is-layout-flex">
<li class="blocks-gallery-item">
<figure><img fetchpriority="high" decoding="async" width="354" height="210" class="wp-image-485" src="http://www.annette-weber-allendorf.com/wp-content/uploads/2019/05/box-Landesvertretung-Rheinlandpfalz-Berlin.jpg" alt="" data-id="485" data-link="http://www.annette-weber-allendorf.com/?attachment_id=485" srcset="https://annette-weber-allendorf.com/wp-content/uploads/2019/05/box-Landesvertretung-Rheinlandpfalz-Berlin.jpg 354w, https://annette-weber-allendorf.com/wp-content/uploads/2019/05/box-Landesvertretung-Rheinlandpfalz-Berlin-300x178.jpg 300w" sizes="(max-width: 354px) 100vw, 354px" /></figure>
</li>
<li class="blocks-gallery-item">
<figure><img decoding="async" width="550" height="259" class="wp-image-486" src="http://www.annette-weber-allendorf.com/wp-content/uploads/2019/05/card-Landesvertretung-Rheinland-Pfalz-Berlin.jpg" alt="" data-id="486" data-link="http://www.annette-weber-allendorf.com/?attachment_id=486" srcset="https://annette-weber-allendorf.com/wp-content/uploads/2019/05/card-Landesvertretung-Rheinland-Pfalz-Berlin.jpg 550w, https://annette-weber-allendorf.com/wp-content/uploads/2019/05/card-Landesvertretung-Rheinland-Pfalz-Berlin-300x141.jpg 300w" sizes="(max-width: 550px) 100vw, 550px" /></figure>
</li>
</ul>
<p></p>
<p></p>
<p></p>								</div>
					</div>
		</div>
					</div>
		</section>
		<div class="elementor-element elementor-element-1cef5d0 e-flex e-con-boxed e-con e-parent" data-id="1cef5d0" data-element_type="container" data-e-type="container">
					<div class="e-con-inner">
				<div class="elementor-element elementor-element-b963238 elementor-widget elementor-widget-text-editor" data-id="b963238" data-element_type="widget" data-e-type="widget" data-widget_type="text-editor.default">
									<p>In Zusammenarbeit mit Architekten Dierig &amp; Weber, Horgenzell und Bierbaum &amp; Partner, Mainz</p>
<p><span style="font-size: 18px; font-weight: 600;">Basis und Vision</span></p>
<p>eine Sandsteinbasis &#8211; Merkmal rheinland-pfälzischer Tradition und Beständigkeit &#8211;<br />trägt das Gebäude der Landesvertretung.<br />Ausblick &#8211; W e i t s i c h t &#8211; in alle Richtungen:<br />in die jüngste Vergangenheit und das neu wachsende Berlin.<br />Wir übernehmen Verantwortung für die politische Kultur unserer Gesellschaft in planerischen Prozessen.</p>								</div>
				<div class="elementor-element elementor-element-1df8d7f elementor-widget elementor-widget-spacer" data-id="1df8d7f" data-element_type="widget" data-e-type="widget" data-widget_type="spacer.default">
							<div class="elementor-spacer">
			<div class="elementor-spacer-inner"></div>
		</div>
						</div>
					</div>
				</div>
				</div>

<p>In Zusammenarbeit mit Architekten Dierig &amp; Weber, Horgenzell und Bierbaum &amp; Partner, Mainz Basis und Vision eine Sandsteinbasis &#8211; Merkmal rheinland-pfälzischer Tradition und Beständigkeit &#8211;trägt das Gebäude der Landesvertretung.Ausblick &#8211; W e i t s i c h t &#8211; in alle Richtungen:in die jüngste Vergangenheit und das neu wachsende Berlin.Wir übernehmen Verantwortung für die [&hellip;]</p>
